i(7)?
-3
Suppose q - 5 = -3. Let n(x) = 0*x**q + 0*x - 8 - x**2 - 8*x. Suppose 105 = -15*w + 15. Calculate n(w).
4
Let u = 30 - 37. Let c(g) = -g**2 - 5*g + 4. Calculate c(u).
-10
Let p(k) = -2*k + 2. Let f be p(4). Let a(u) = 2*u + 1. Calculate a(f).
-11
Suppose -5*k = -6*k + 6. Let v(x) = -x**2 + 3*x + 5. What is v(k)?
-13
Let o(q) = -6*q + 4. Let t(k) = -1 + 0*k + 3 - 3 + k. Let z(u) = -o(u) - 5*t(u). What is z(1)?
2
Let j be (2/(-5))/(3/(-15)). Suppose -4 = 3*q - c, -23 = 5*c + j. Let u(n) = -2*n**2 + 4*n**3 - 2*n**3 - 3*n**3 + 4*n + 0*n**2. Determine u(q).
-3
Let n(p) be the second derivative of 27*p**5/20 - p**4/12 + p**2/2 - 15*p. Determine n(1).
27
Let m(u) = -u**2 - 6*u - 4. Let w(d) = 21*d**3 - 2*d**2 + 1. Let t be w(-1). Let c be (-158)/t - 4/22. Suppose 0 = 3*q - c*q - 16. What is m(q)?
4
Suppose 5*o - 20 = -5*p, 0*o = -o + 4. Let d(k) be the first derivative of k**2/2 + 10*k + 28. Calculate d(p).
10
Let i be 0 + 5 - (-4 + 5). Suppose -y - i = y. Let j(f) = 0 - 2*f - 4 + 1 + f**2. What is j(y)?
5
Let f(r) be the second derivative of -r**4/12 - r**3/3 + r**2 - 5*r. Give f(-4).
-6
Suppose 11 + 4 = 5*s. Suppose -4*u = -2*x - 24, 0 = -3*u + s*x - 2*x + 17. Let z(d) = d**3 - 5*d**2 - 4. Give z(u).
-4
Let m(v) = v + 2. Let l be m(-7). Let f(p) = 10 - 4 - p + 0*p. Determine f(l).
11
Let l(y) = -2*y - 7. Let n(h) be the third derivative of h**4/8 + 4*h**3/3 + 4*h**2. Let d(g) = -4*l(g) - 3*n(g). Give d(-3).
7
Let u(i) = -i**2 + 7*i + 2. Let h be (-1)/2 - 3/(-6). Suppose 5*q + 8 - 38 = h. What is u(q)?
8
Let u(z) be the second derivative of 1/12*z**4 - 2*z - z**2 + 0 + 1/3*z**3. Let m(l) = -l**3 - 7*l**2 + 2*l + 10. Let n be m(-7). What is u(n)?
6
Let r(m) = -3*m + 2. Let z be r(3). Let v(t) = -t**2 - 8*t. Calculate v(z).
7
Let u(s) = 2*s**3 + 5*s**2 - 3*s + 3. Let b be (-7 - -2 - -3) + 7. Let r(a) = 3*a**3 + 10*a**2 - 5*a + 6. Let c(m) = b*u(m) - 3*r(m). Give c(5).
-3
Suppose 0 = -6*r + 11*r - 60. Let y = -1 + 1. Suppose 2*f + q + 8 = y, 0 = -3*f - 0*q + q - r. Let o(g) = -2*g**2 - 5*g + 4. What is o(f)?
-8
Let s = -3 - -9. Let m(i) = i + 1. Let k(d) = d**2 - 8*d - 8. Let l(p) = -k(p) - 3*m(p). Determine l(s).
-1
Let f(z) = -13 - 2*z**2 + 2*z - 3*z + 13 - 12*z**3. What is f(-1)?
11
Let r(t) be the third derivative of -t**5/60 - 7*t**4/24 + t**3/6 + 5*t**2. Give r(-7).
1
Let s(v) = -v**2 - 4*v + 7. Let r be s(-6). Suppose y - 19 = -14. Let q(b) = 0*b + y*b**2 - 6 + 2*b + b**3 + b - 4*b. Calculate q(r).
-1
Let x(r) = 4*r - 2*r - 4 - 3*r. Let h be x(-5). Let b(p) be the second derivative of p**5/20 - p**4/6 + p**3/6 - p**2/2 + p. Calculate b(h).
-1
Let h(n) = -n**3 - 2*n**2 + n - 1. Let q be ((-2)/(-6))/(1/(-33)). Let s = 18 - 10. Let g = s + q. What is h(g)?
5
Let f(w) = -3*w**3 + 3*w**2 - 2. Let i be f(2). Let k be (35/i)/((-2)/4). Suppose 0 = o - 5*o + 20, k*h = -5*o. Let d(l) = -l**2 - 6*l - 6. What is d(h)?
-1
Suppose 4 = -0*r - 3*r - 4*y, 2*y + 28 = 5*r. Suppose -v + 5*g = -0*v, 19 = -3*v - r*g. Let h(j) = -j**2 - 5*j + 5. Calculate h(v).
5
Let h be 90/(-21)*(0 + -7). Suppose 10*y + h = 5*y. Let g(r) = r + 10. Determine g(y).
4
Let d be (4 + -7)*(-2)/3. Let c = 4 - d. Let i(w) = w**3 - 2*w**2 + 3*w. Give i(c).
6
Let h(d) = 3*d + 13. Let v(l) = 16*l + 65. Let y(q) = -11*h(q) + 2*v(q). Give y(0).
-13
Let h(q) = -q**3 + 8*q**2 - 6*q - 5. Let a be h(7). Let x(o) = o + 5. Let s(f) = f**2 - 2*f - 6. Let i(w) = -3*s(w) - 4*x(w). Give i(a).
-10
Let g(q) = -q**2 + q - 4. Let p be (-2)/(-11) - 434/(-154). What is g(p)?
-10
Let z = 21 + -21. Suppose m - 1 = 5*w, -m = -z*m + 5*w - 11. Let y(d) = d**2 - 6*d - 7. Calculate y(m).
-7
Let b(y) be the third derivative of y**6/24 - y**5/30 - y**4/24 - 9*y**2. Give b(-1).
-6
Let h(c) = -c**2 - 8*c + 2. Let t(v) = v**2 + 8*v - 3. Let k(q) = 7*h(q) + 6*t(q). Let o = 381 + -386. Give k(o).
11
Let k be 2/5*-1*-10. Let b(o) = -3*o**3 + 7*o**2 - 8*o + 3. Let j(u) = 10*u**3 - 22*u**2 + 25*u - 10. Let c(y) = 7*b(y) + 2*j(y). Calculate c(k).
-7
Let b(a) = -4 - 6*a + a**2 + 9*a + a. Determine b(3).
17
Let b(i) = 2*i**2 - 2*i + 1. Let w = -3 + 6. Give b(w).
13
Suppose -o = q + 4*q - 14, 0 = q + o - 2. Let n(d) = d**3 - 2*d**2 - d - 4. What is n(q)?
2
Let b(l) = -5*l**2 - 5*l + 2. Let u(y) = 2*y**2 + y - 1. Let j(v) = -b(v) - 4*u(v). Determine j(2).
-8
Suppose 0 = -4*n + n - 9. Let x(y) = 2*y**2 + 2*y. What is x(n)?
12
Let u(q) be the second derivative of q**3/2 - q**2/2 + 4*q. What is u(-4)?
-13
Let c = 1 - 7. Let s = c + 11. Let t(q) = q**3 - 4*q**2 - 4*q - 7. Give t(s).
-2
Let w be (-6)/15 - (-12)/5. Suppose -a + 6 = w*a. Let t(n) = 2*n - n**a + 3*n - 4*n + 6. Determine t(0).
6
Let u(k) = 4*k + 5. Let d(n) = n. Let w(g) = 2*d(g) - u(g). Determine w(-4).
3
Suppose -2*h = -0*h. Let v = h + -1. Let u(z) be the third derivative of -z**6/40 + z**5/60 - z**3/6 - z**2. Give u(v).
3
Let r(z) = -12*z + 1. Let q = -18 - -13. Let c(s) = -11*s + 1. Let h(f) = q*c(f) + 4*r(f). Determine h(-1).
-8
Let v(f) = -f - 5. Let u be v(-5). Let o(i) = 3*i**2 + 8*i**2 - 12*i**2 - 9 + i. What is o(u)?
-9
Let a(z) = -1. Let g(w) = w + 5. Let n(m) = -6*a(m) - 2*g(m). Give n(-4).
4
Let c(k) = 2*k**2 + 7*k + 4. Let d(w) be the first derivative of w**3/3 - 4*w**2 + 8*w + 2. Let v be d(6). Calculate c(v).
8
Let z(t) = -4*t + 6. Let d(s) = -s - 1. Let l(w) = 5*d(w) - z(w). Give l(0).
-11
Suppose 2*b + 20 = 4*f, -5*b = f - 2*f + 5. Let w(h) be the third derivative of -1/60*h**5 + b*h - 1/6*h**3 + 0 - 3*h**2 - 1/12*h**4. Calculate w(-3).
-4
Let c(x) be the third derivative of x**4/24 + x**3 - x**2. Let n be c(0). Let w be -7 + n/9*3. Let t(s) = -s**2 - 4*s. Determine t(w).
-5
Let n(h) be the first derivative of -h**4/4 - 2*h**3 - 3*h**2 - 6*h + 1. Let l be -2 - (5 - 4/2) - 0. Give n(l).
-1
Let u(b) = 7*b**2 - 10*b - 9. Let o(v) = 4*v**2 - 5*v - 4. Let z(p) = -5*o(p) + 3*u(p). Let i be 2/(5/(75/6)). What is z(i)?
-7
Let w be (1 - 0)/(3 - 2). Let d(x) = -1. Let a(g) = g**2 + 3*g + 1. Let m(p) = w*d(p) + a(p). What is m(-3)?
0
Let b be -1*2*(-2 + 3). Let q(o) = 6*o**3 - 3*o**2 - 5*o - 1. Let h(i) = 5*i**3 - 2*i**2 - 4*i - 1. Let k(g) = -5*h(g) + 4*q(g). Determine k(b).
1
Let t = -72 - -73. Let u(l) be the first derivative of -1 - l + 1/3*l**3 + l**2. Give u(t).
2
Suppose -5*k + 2*k - 2*a - 4 = 0, -3*k - 4*a - 8 = 0. Let c(p) = -p + 3 - 9 + 10. What is c(k)?
4
Let m = 7 + -4. Suppose m*l = 7 + 8. Let d(k) = -k**3 + 5*k**2 + k - 5. Give d(l).
0
Suppose 4*m = 1 - 21. Let d(y) = y**2 + y - 2. Give d(m).
18
Let x(g) = 15*g**3 + 2*g**2 - 1. Suppose 5*t + 2*o = -3, -o = 2*t + t + 2. What is x(t)?
-14
Suppose 5 + 11 = -4*z. Let i be 14/5 - 4/(-20). Let h(x) = i*x + 0 + 4 + 2 - 3. What is h(z)?
-9
Let d(k) = -6*k + 6. Let b(w) = 2*w - 2. Let m(j) = -16*b(j) - 5*d(j). Calculate m(5).
-8
Let t(f) be the first derivative of f**4/4 + 2*f**3/3 - f**2 - 3*f - 2. Suppose 0 = -r + w - 7, -3*w + 9 = 3*r - 0. Give t(r).
1
Let u(r) = r**3 - 8*r**2 + 7*r. Suppose 21 = 6*i - 9. Suppose -j = -g + 6, -2*j = -i*g - 0*j + 33. Give u(g).
0
Let d(v) = -3*v**2 + 3*v + 2. Suppose 3 = -w - 2*w + 3*r, -w = -2*r. Calculate d(w).
-16
Let d(t) = 4*t - 20*t**2 - 6 - 1 + 21*t**2. What is d(-5)?
-2
Suppose -5*y + 5*m = m - 31, -3*m = 4*y. Suppose -5*l + y*r = -21, 3*l - 13 = -3*r + 14. Let v(t) = -2*t + 6. Give v(l).
-6
Let w(a) = 6*a**2 + 20*a - 5 - a**3 - 10*a - 12*a. What is w(5)?
10
Let f(u) = u**3 + 3*u**2 - 4*u - 3. Suppose -5*v = -4*n - 95, -v + 2*n + 85 = 4*v. Suppose -2*m - 4*h = 8, h - 1 - v = 4*m. Determine f(m).
-3
Let h(s) be the third derivative of -s**4/8 - s**2. Suppose 0 = -5*m + 352 - 342. Give h(m).
-6
Let o(w) be the second derivative of 2*w**4/3 + w**3/3 - w**2/2 + 7*w. What is o(1)?
9
Let a be (1 + -6)*8/(-10). Suppose a*m - y = 2*m - 4, 0 = 5*m + 3*y + 21. Let w(v) = 2*v + 1. Calculate w(m).
-5
Suppose -2*o + 3 = -5*o. Let v(s) be the second derivative of -s**4/12 + s**3/6 + 2*s. Determine v(o).
-2
Let x(i) = 36 - 4*i**3 - 6*i**2 - 39 + 3*i**3 - 6*i. What is x(-5)?
2
Let f(k) = -5*k**3 - k**2 + 4*k + 4. Let h(d) = d**3 - d**2 + d + 1. Let r(j) = -j - 8. Let x be r(-4). Let c(z) = x*h(z) - f(z). Determine c(-6).
4
Suppose 3*v - 2*c - 8 = 0, -3*v - 45 = -8*v - 3*c. Let g(i) = -1. Let x(p) = -p + 6. Let h(l) = 4*g(l) - x(l). Calculate h(v).
-4
Let g(n) = 3*n**3 - 